a factor of 31196730?
True
Is 200505942 a multiple of 3393?
True
Is 183 a factor of 1731782168?
False
Is 8 a factor of 5451005?
False
Is 270 a factor of 570495420?
True
Does 255 divide 17645288?
False
Does 18 divide 136958268?
False
Does 8 divide 18969545?
False
Is 4 a factor of 96701900?
True
Is 47 a factor of 273484005?
False
Is 59916636 a multiple of 870?
False
Is 1684 a factor of 9200119?
False
Is 1565 a factor of 652421895?
True
Is 16155035 a multiple of 95?
True
Is 1428624787 a multiple of 41?
True
Is 37 a factor of 34051285?
True
Is 54438919 a multiple of 11?
False
Is 662 a factor of 49705113?
False
Does 251 divide 136429795?
True
Does 978 divide 69348899?
False
Is 64 a factor of 115832574?
False
Does 20 divide 111212029?
False
Does 38 divide 14199916?
True
Does 16 divide 363678735?
False
Does 360 divide 185730090?
False
Is 170521129 a multiple of 1334?
False
Is 5787096 a multiple of 518?
True
Is 153596275 a multiple of 3966?
False
Does 41 divide 415415895?
True
Is 443979 a multiple of 9?
True
Is 9 a factor of 460128681?
True
Is 70979109 a multiple of 440?
False
Is 117 a factor of 2541839157?
True
Is 74967347 a multiple of 146?
False
Does 126 divide 88606589?
False
Is 692077636 a multiple of 12?
False
Is 94 a factor of 52977648?
True
Is 42 a factor of 259044996?
True
Is 910216439 a multiple of 89?
True
Is 1643020390 a multiple of 2605?
True
Does 21 divide 5323164?
True
Is 14702990 a multiple of 31?
True
Does 923 divide 231140606?
False
Is 185200065 a multiple of 1205?
True
Does 3 divide 20820261?
True
Is 23716089 a multiple of 481?
False
Does 91 divide 110556082?
True
Does 20 divide 468250300?
True
Is 170093940 a multiple of 210?
False
Is 65 a factor of 768910216?
False
Does 16 divide 1727676288?
True
Does 12 divide 486925212?
True
Does 44 divide 4819590688?
True
Is 27 a factor of 3512842?
False
Does 134 divide 836982090?
True
Is 7236 a factor of 498184128?
True
Is 37229975 a multiple of 25?
True
Is 13 a factor of 221355762?
False
Is 1082 a factor of 21533964?
True
Is 22840057 a multiple of 145?
False
Is 59 a factor of 150419379?
True
Is 30411248 a multiple of 1844?
True
Is 3 a factor of 9432559?
False
Does 30 divide 905162550?
True
Does 460 divide 532175840?
True
Is 62 a factor of 82057682?
True
Is 115862832 a multiple of 27?
True
Does 98 divide 31254963?
False
Is 1887946110 a multiple of 290?
True
Is 1188509760 a multiple of 36?
True
Does 179 divide 20218012?
False
Is 1138322420 a multiple of 2069?
True
Is 10441935 a multiple of 14?
False
Is 634 a factor of 121131594?
False
Does 44 divide 12260110?
False
Is 298874890 a multiple of 1874?
True
Is 140727880 a multiple of 33?
False
Is 25 a factor of 1801189?
False
Does 19 divide 44201467?
True
Is 1760833 a multiple of 2?
False
Does 10 divide 10859030?
True
Is 169 a factor of 389115233?
True
Is 182 a factor of 4082078?
True
Is 833394865 a multiple of 6607?
False
Is 84 a factor of 227083668?
True
Is 3141 a factor of 116857764?
True
Does 131 divide 9512947?
False
Does 3503 divide 1063079931?
True
Is 28255612 a multiple of 2786?
True
Does 319 divide 2171103302?
False
Is 3495 a factor of 199777695?
True
Does 123 divide 11844285?
True
Does 51 divide 313793?
False
Does 15 divide 46603725?
True
Does 23 divide 1474438?
True
Does 3 divide 5969532?
True
Does 60 divide 50938860?
True
Does 205 divide 29270198?
False
Is 38990147 a multiple of 53?
False
Does 93 divide 261298194?
True
Is 182479691 a multiple of 145?
False
Is 39 a factor of 32465430?
False
Is 4736 a factor of 197093774?
False
Does 266 divide 26057962?
False
Is 1628 a factor of 289611432?
True
Does 1128 divide 658449696?
True
Is 28 a factor of 66129518?
False
Is 4669 a factor of 67197256?
False
Is 17 a factor of 1709886010?
True
Is 26 a factor of 94217630?
True
Does 3371 divide 148209181?
False
Is 224042158 a multiple of 19?
False
Does 59 divide 51110373?
False
Is 216814676 a multiple of 74?
False
Is 2438262926 a multiple of 126?
False
Does 7812 divide 1313496071?
False
Is 327 a factor of 603086390?
False
Is 609048506 a multiple of 12?
False
Does 1973 divide 176601748?
False
Is 2479 a factor of 76967551?
False
Is 2502613659 a multiple of 13?
True
Is 1633013514 a multiple of 318?
False
Is 9490329 a multiple of 127?
True
Does 6 divide 336279504?
True
Does 4895 divide 281761095?
True
Is 25169564 a multiple of 223?
True
Is 1051 a factor of 2123193720?
False
Does 8 divide 398323128?
True
Is 24 a factor of 301226712?
True
Is 8289 a factor of 1595756835?
True
Does 825 divide 104646300?
True
Is 24853392 a multiple of 508?
True
Is 1333955 a multiple of 17?
False
Does 11 divide 622223085?
True
Does 4346 divide 1400780990?
True
Does 49 divide 139742365?
True
Is 7 a factor of 2417984987?
False
Is 193822421 a multiple of 296?
False
Is 383154786 a multiple of 549?
True
Is 10 a factor of 24673078?
False
Is 327538024 a multiple of 44?
True
Is 381 a factor of 588868152?
False
Is 200612055 a multiple of 1941?
True
Is 400306650 a multiple of 50?
True
Does 15 divide 22990657?
False
Does 13 divide 69993157?
True
Does 1548 divide 235094760?
True
Does 26 divide 146501524?
True
Is 1959 a factor of 265468528?
False
Is 243403269 a multiple of 45?
False
Does 5 divide 31375562?
False
Is 919 a factor of 365108039?
False
Is 1413287150 a multiple of 6845?
True
Is 815 a factor of 2721800?
False
Is 446 a factor of 29880662?
True
Is 10719782 even?
True
Is 326376802 a multiple of 30?
False
Does 11 divide 8897364?
False
Is 100818665 a multiple of 27?
False
Does 6 divide 121546?
False
Is 2982 a factor of 36150675?
False
Is 372 a factor of 33983209?
False
Is 36624593 a multiple of 169?
False
Is 9394992 a multiple of 24?
True
Is 4 a factor of 84767220?
True
Does 535 divide 20753185?
True
Is 33574552 a multiple of 107?
False
Is 97 a factor of 10052221?
False
Is 764 a factor of 4116151?
False
Is 104745115 a multiple of 1477?
False
Is 1355 a factor of 1095403680?
True
Is 81 a factor of 32417451?
False
Does 9 divide 53226518?
False
Does 16 divide 1922270928?
True
Does 6 divide 15446634?
True
Is 22 a factor of 161098699?
False
Is 50978728 a multiple of 97?
False
Is 1979 a factor of 3319819996?
True
Does 8242 divide 2305728517?
False
Does 1725 divide 660388650?
True
Is 1157018800 a multiple of 16?
True
Is 2242793 a multiple of 3?
False
Does 4187 divide 673378462?
True
Is 145 a factor of 11809341?
False
Is 124 a factor of 2345956?
True
Is 6989949498 a multiple of 207?
False
Is 139099828 a multiple of 6?
False
Does 60 divide 273162641?
False
Is 3239091360 a multiple of 10107?
True
Is 204 a factor of 215222061?
False
Is 471 a factor of 19037820?
True
Does 58 divide 3776322?
True
Does 582 divide 40676647?
False
Is 2038 a factor of 354656836?
True
Does 11 divide 528997244?
False
Does 4 divide 157065008?
True
Is 215 a factor of 586020340?
True
Is 14180324 a multiple of 299?
False
Does 319 divide 2941180?
True
Is 6047 a factor of 2037758119?
False
Is 27 a factor of 26798985?
True
Is 9 a factor of 28759673?
False
Does 29 divide 559791313?
False
Does 107 divide 6154632?
False
Is 9 a factor of 14907780?
True
Does 4 divide 114372264?
True
Does 11 divide 121550979?
True
Does 2460 divide 3073865940?
True
Is 237006717 a multiple of 373?
False
Is 620 a factor of 374297720?
True
Is 7 a factor of 104322812?
False
Is 18759091 a multiple of 854?
False
Is 86 a factor of 94934661?
False
Does 328 divide 124552424?
True
Is 782598696 a multiple of 12?
True
Is 7284130 a multiple of 5?
True
Does 379 divide 21291083?
True
Is 353 a factor of 139409937?
True
Is 5062742 a multiple of 52?
False
Is 84 a factor of 42594468?
True
Is 376451817 a multiple of 93?
True
Is 34599600 a multiple of 600?
True
Does 160 divide 344154238?
False
Is 65 a factor of 1247394200?
True
Is 6549 a factor of 41328630?
False
Is 10489867 a multiple of 142?
False
Is 238596 a multiple of 236?
True
Is 40947129 a multiple of 991?
True
Is 26722784 a multiple of 32?
True
Does 255 divide 17246670?
True
Is 38676109 a multiple of 1774?
False
Does 142 divide 1165107586?
True
Does 81 divide 122925681?
True
Does 403 divide 524985477?
False
Is 1700180276 a multiple of 720?
False
Is 271062536 a multiple of 99?
False
Is 126 a factor of 73886706?
False
Is 13794289 a multiple of 193?
True
Is 363 a factor of 9455127?
False
Is 3 a factor of 43239054?
Tru